[INFO] fetching crate parser-haskell 0.2.0...
[INFO] building parser-haskell-0.2.0 against master#ff34b919075f35a1787659e9c448a34b06bab8de for issue-85264
[INFO] extracting crate parser-haskell 0.2.0 into /workspace/builds/worker-3/source
[INFO] validating manifest of crates.io crate parser-haskell 0.2.0 on toolchain ff34b919075f35a1787659e9c448a34b06bab8de
[INFO] running `Command { std: "/workspace/cargo-home/bin/cargo" "+ff34b919075f35a1787659e9c448a34b06bab8de" "metadata" "--manifest-path" "Cargo.toml" "--no-deps", kill_on_drop: false }`
[INFO] started tweaking crates.io crate parser-haskell 0.2.0
[INFO] finished tweaking crates.io crate parser-haskell 0.2.0
[INFO] tweaked toml for crates.io crate parser-haskell 0.2.0 written to /workspace/builds/worker-3/source/Cargo.toml
[INFO] running `Command { std: "/workspace/cargo-home/bin/cargo" "+ff34b919075f35a1787659e9c448a34b06bab8de" "generate-lockfile" "--manifest-path" "Cargo.toml" "-Zno-index-update", kill_on_drop: false }`
[INFO] [stderr]     Blocking waiting for file lock on package cache
[INFO] running `Command { std: "/workspace/cargo-home/bin/cargo" "+ff34b919075f35a1787659e9c448a34b06bab8de" "fetch" "--manifest-path" "Cargo.toml", kill_on_drop: false }`
[INFO] [stderr]     Blocking waiting for file lock on package cache
[INFO] running `Command { std: "docker" "create" "-v" "/var/lib/crater-agent-workspace/builds/worker-3/target:/opt/rustwide/target:rw,Z" "-v" "/var/lib/crater-agent-workspace/builds/worker-3/source:/opt/rustwide/workdir:ro,Z" "-v" "/var/lib/crater-agent-workspace/cargo-home:/opt/rustwide/cargo-home:ro,Z" "-v" "/var/lib/crater-agent-workspace/rustup-home:/opt/rustwide/rustup-home:ro,Z" "-e" "SOURCE_DIR=/opt/rustwide/workdir" "-e" "CARGO_TARGET_DIR=/opt/rustwide/target" "-e" "CARGO_HOME=/opt/rustwide/cargo-home" "-e" "RUSTUP_HOME=/opt/rustwide/rustup-home" "-w" "/opt/rustwide/workdir" "-m" "1610612736" "--user" "0:0" "--network" "none" "ghcr.io/rust-lang/crates-build-env/linux@sha256:20528e8c29e4536546f0102ce88568b16ea7538393a33fcca951030f7af10457" "/opt/rustwide/cargo-home/bin/cargo" "+ff34b919075f35a1787659e9c448a34b06bab8de" "metadata" "--no-deps" "--format-version=1", kill_on_drop: false }`
[INFO] [stdout] a77fb56134ce935046a5f5386763296b24b76ff5fc301c5203b5e2bd07c5203a
[INFO] [stderr] WARNING: Your kernel does not support swap limit capabilities or the cgroup is not mounted. Memory limited without swap.
[INFO] running `Command { std: "docker" "start" "-a" "a77fb56134ce935046a5f5386763296b24b76ff5fc301c5203b5e2bd07c5203a", kill_on_drop: false }`
[INFO] running `Command { std: "docker" "inspect" "a77fb56134ce935046a5f5386763296b24b76ff5fc301c5203b5e2bd07c5203a", kill_on_drop: false }`
[INFO] running `Command { std: "docker" "rm" "-f" "a77fb56134ce935046a5f5386763296b24b76ff5fc301c5203b5e2bd07c5203a", kill_on_drop: false }`
[INFO] [stdout] a77fb56134ce935046a5f5386763296b24b76ff5fc301c5203b5e2bd07c5203a
[INFO] running `Command { std: "docker" "create" "-v" "/var/lib/crater-agent-workspace/builds/worker-3/target:/opt/rustwide/target:rw,Z" "-v" "/var/lib/crater-agent-workspace/builds/worker-3/source:/opt/rustwide/workdir:ro,Z" "-v" "/var/lib/crater-agent-workspace/cargo-home:/opt/rustwide/cargo-home:ro,Z" "-v" "/var/lib/crater-agent-workspace/rustup-home:/opt/rustwide/rustup-home:ro,Z" "-e" "SOURCE_DIR=/opt/rustwide/workdir" "-e" "CARGO_TARGET_DIR=/opt/rustwide/target" "-e" "CARGO_INCREMENTAL=0" "-e" "RUST_BACKTRACE=full" "-e" "RUSTFLAGS=--cap-lints=forbid" "-e" "CARGO_HOME=/opt/rustwide/cargo-home" "-e" "RUSTUP_HOME=/opt/rustwide/rustup-home" "-w" "/opt/rustwide/workdir" "-m" "1610612736" "--user" "0:0" "--network" "none" "ghcr.io/rust-lang/crates-build-env/linux@sha256:20528e8c29e4536546f0102ce88568b16ea7538393a33fcca951030f7af10457" "/opt/rustwide/cargo-home/bin/cargo" "+ff34b919075f35a1787659e9c448a34b06bab8de" "build" "--frozen" "--message-format=json", kill_on_drop: false }`
[INFO] [stdout] 16479f954d7cc129385866fc475d6fbb15598a039ad9949dd7a798fce9bf528b
[INFO] [stderr] WARNING: Your kernel does not support swap limit capabilities or the cgroup is not mounted. Memory limited without swap.
[INFO] running `Command { std: "docker" "start" "-a" "16479f954d7cc129385866fc475d6fbb15598a039ad9949dd7a798fce9bf528b", kill_on_drop: false }`
[INFO] [stderr]    Compiling libc v0.2.95
[INFO] [stderr]    Compiling bit-vec v0.6.3
[INFO] [stderr]    Compiling strsim v0.5.2
[INFO] [stderr]    Compiling bitflags v0.4.0
[INFO] [stderr]    Compiling lalrpop-util v0.12.5
[INFO] [stderr]    Compiling unicode-xid v0.0.2
[INFO] [stderr]    Compiling itertools v0.3.25
[INFO] [stderr]    Compiling term v0.4.6
[INFO] [stderr]    Compiling regex-syntax v0.2.6
[INFO] [stderr]    Compiling lalrpop-intern v0.12.5
[INFO] [stderr]    Compiling memchr v2.4.0
[INFO] [stderr]    Compiling regex v0.2.11
[INFO] [stderr]    Compiling ucd-util v0.1.8
[INFO] [stderr]    Compiling utf8-ranges v1.0.4
[INFO] [stderr]    Compiling byteorder v1.4.3
[INFO] [stderr]    Compiling errln v0.1.0
[INFO] [stderr]    Compiling petgraph v0.1.18
[INFO] [stderr]    Compiling thread_local v0.3.6
[INFO] [stderr]    Compiling base64 v0.5.2
[INFO] [stderr]    Compiling bit-set v0.3.0
[INFO] [stderr]    Compiling regex-syntax v0.5.6
[INFO] [stdout] error[E0034]: multiple applicable items in scope
[INFO] [stdout]    --> /opt/rustwide/cargo-home/registry/src/github.com-1ecc6299db9ec823/petgraph-0.1.18/src/graph.rs:404:21
[INFO] [stdout]     |
[INFO] [stdout] 404 |         assert!(Ix::max().index() == !0 || NodeIndex::end() != node_idx);
[INFO] [stdout]     |                     ^^^ multiple `max` found
[INFO] [stdout]     |
[INFO] [stdout] note: candidate #1 is defined in the trait `IndexType`
[INFO] [stdout]    --> /opt/rustwide/cargo-home/registry/src/github.com-1ecc6299db9ec823/petgraph-0.1.18/src/graph.rs:28:5
[INFO] [stdout]     |
[INFO] [stdout] 28  |     fn max() -> Self;
[INFO] [stdout]     |     ^^^^^^^^^^^^^^^^^
[INFO] [stdout] note: candidate #2 is defined in the trait `Ord`
[INFO] [stdout] help: disambiguate the associated function for candidate #1
[INFO] [stdout]     |
[INFO] [stdout] 404 |         assert!(IndexType::max().index() == !0 || NodeIndex::end() != node_idx);
[INFO] [stdout]     |                 ^^^^^^^^^^^^^^
[INFO] [stdout] help: disambiguate the associated function for candidate #2
[INFO] [stdout]     |
[INFO] [stdout] 404 |         assert!(Ord::max().index() == !0 || NodeIndex::end() != node_idx);
[INFO] [stdout]     |                 ^^^^^^^^
[INFO] [stdout] 
[INFO] [stdout] 
[INFO] [stdout] error[E0308]: mismatched types
[INFO] [stdout]    --> /opt/rustwide/cargo-home/registry/src/github.com-1ecc6299db9ec823/petgraph-0.1.18/src/graph.rs:404:38
[INFO] [stdout]     |
[INFO] [stdout] 352 | impl<N, E, Ty=Directed, Ix=DefIndex> Graph<N, E, Ty, Ix>
[INFO] [stdout]     |                         -- this type parameter
[INFO] [stdout] ...
[INFO] [stdout] 404 |         assert!(Ix::max().index() == !0 || NodeIndex::end() != node_idx);
[INFO] [stdout]     |                                      ^^ expected type parameter `Ix`, found integer
[INFO] [stdout]     |
[INFO] [stdout]     = note: expected type parameter `Ix`
[INFO] [stdout]                          found type `{integer}`
[INFO] [stdout] 
[INFO] [stdout] 
[INFO] [stdout] error[E0034]: multiple applicable items in scope
[INFO] [stdout]    --> /opt/rustwide/cargo-home/registry/src/github.com-1ecc6299db9ec823/petgraph-0.1.18/src/graph.rs:438:21
[INFO] [stdout]     |
[INFO] [stdout] 438 |         assert!(Ix::max().index() == !0 || EdgeIndex::end() != edge_idx);
[INFO] [stdout]     |                     ^^^ multiple `max` found
[INFO] [stdout]     |
[INFO] [stdout] note: candidate #1 is defined in the trait `IndexType`
[INFO] [stdout]    --> /opt/rustwide/cargo-home/registry/src/github.com-1ecc6299db9ec823/petgraph-0.1.18/src/graph.rs:28:5
[INFO] [stdout]     |
[INFO] [stdout] 28  |     fn max() -> Self;
[INFO] [stdout]     |     ^^^^^^^^^^^^^^^^^
[INFO] [stdout] note: candidate #2 is defined in the trait `Ord`
[INFO] [stdout] help: disambiguate the associated function for candidate #1
[INFO] [stdout]     |
[INFO] [stdout] 438 |         assert!(IndexType::max().index() == !0 || EdgeIndex::end() != edge_idx);
[INFO] [stdout]     |                 ^^^^^^^^^^^^^^
[INFO] [stdout] help: disambiguate the associated function for candidate #2
[INFO] [stdout]     |
[INFO] [stdout] 438 |         assert!(Ord::max().index() == !0 || EdgeIndex::end() != edge_idx);
[INFO] [stdout]     |                 ^^^^^^^^
[INFO] [stdout] 
[INFO] [stdout] 
[INFO] [stdout] error[E0308]: mismatched types
[INFO] [stdout]    --> /opt/rustwide/cargo-home/registry/src/github.com-1ecc6299db9ec823/petgraph-0.1.18/src/graph.rs:438:38
[INFO] [stdout]     |
[INFO] [stdout] 352 | impl<N, E, Ty=Directed, Ix=DefIndex> Graph<N, E, Ty, Ix>
[INFO] [stdout]     |                         -- this type parameter
[INFO] [stdout] ...
[INFO] [stdout] 438 |         assert!(Ix::max().index() == !0 || EdgeIndex::end() != edge_idx);
[INFO] [stdout]     |                                      ^^ expected type parameter `Ix`, found integer
[INFO] [stdout]     |
[INFO] [stdout]     = note: expected type parameter `Ix`
[INFO] [stdout]                          found type `{integer}`
[INFO] [stdout] 
[INFO] [stdout] 
[INFO] [stdout] error: aborting due to 4 previous errors
[INFO] [stdout] 
[INFO] [stdout] 
[INFO] [stdout] Some errors have detailed explanations: E0034, E0308.
[INFO] [stdout] 
[INFO] [stdout] For more information about an error, try `rustc --explain E0034`.
[INFO] [stdout] 
[INFO] [stderr] error: could not compile `petgraph`
[INFO] [stderr] 
[INFO] [stderr] To learn more, run the command again with --verbose.
[INFO] [stderr] warning: build failed, waiting for other jobs to finish...
[INFO] [stderr] error: build failed
[INFO] running `Command { std: "docker" "inspect" "16479f954d7cc129385866fc475d6fbb15598a039ad9949dd7a798fce9bf528b", kill_on_drop: false }`
[INFO] running `Command { std: "docker" "rm" "-f" "16479f954d7cc129385866fc475d6fbb15598a039ad9949dd7a798fce9bf528b", kill_on_drop: false }`
[INFO] [stdout] 16479f954d7cc129385866fc475d6fbb15598a039ad9949dd7a798fce9bf528b
